{"id":3289,"date":"2024-11-25T13:28:57","date_gmt":"2024-11-25T12:28:57","guid":{"rendered":"https:\/\/indigalactica.com\/?post_type=product&#038;p=3289"},"modified":"2024-11-25T13:32:04","modified_gmt":"2024-11-25T12:32:04","slug":"meditation-guidee","status":"publish","type":"product","link":"https:\/\/indigalactica.com\/?product=meditation-guidee","title":{"rendered":"M\u00e9ditation guid\u00e9e"},"content":{"rendered":"<p>voici une m\u00e9ditation guid\u00e9e blaoisfgoiihzeipughseriurfhieroufohiosefuhisodf<\/p>\n","protected":false},"excerpt":{"rendered":"<p>live m\u00e9ditation pour tous (description courte)<\/p>\n","protected":false},"featured_media":3288,"comment_status":"open","ping_status":"closed","template":"","meta":{"_uag_custom_page_level_css":"","_monsterinsights_skip_tracking":false,"_monsterinsights_sitenote_active":false,"_monsterinsights_sitenote_note":"","_monsterinsights_sitenote_category":0},"product_brand":[],"product_cat":[25],"product_tag":[26],"class_list":{"0":"post-3289","1":"product","2":"type-product","3":"status-publish","4":"has-post-thumbnail","6":"product_cat-non-classe","7":"product_tag-live-meditation-25-11","9":"first","10":"instock","11":"downloadable","12":"virtual","13":"taxable","14":"purchasable","15":"product-type-simple"},"aioseo_notices":[],"uagb_featured_image_src":{"full":["https:\/\/indigalactica.com\/wp-content\/uploads\/2024\/11\/digital-art-galaxy_23-2151050619.avif",626,626,false],"thumbnail":["https:\/\/indigalactica.com\/wp-content\/uploads\/2024\/11\/digital-art-galaxy_23-2151050619-150x150.avif",150,150,true],"medium":["https:\/\/indigalactica.com\/wp-content\/uploads\/2024\/11\/digital-art-galaxy_23-2151050619-300x300.avif",300,300,true],"medium_large":["https:\/\/indigalactica.com\/wp-content\/uploads\/2024\/11\/digital-art-galaxy_23-2151050619.avif",626,626,false],"large":["https:\/\/indigalactica.com\/wp-content\/uploads\/2024\/11\/digital-art-galaxy_23-2151050619.avif",626,626,false],"1536x1536":["https:\/\/indigalactica.com\/wp-content\/uploads\/2024\/11\/digital-art-galaxy_23-2151050619.avif",626,626,false],"2048x2048":["https:\/\/indigalactica.com\/wp-content\/uploads\/2024\/11\/digital-art-galaxy_23-2151050619.avif",626,626,false],"vilva-slider-one":["https:\/\/indigalactica.com\/wp-content\/uploads\/2024\/11\/digital-art-galaxy_23-2151050619-626x600.avif",626,600,true],"vilva-featured-four":["https:\/\/indigalactica.com\/wp-content\/uploads\/2024\/11\/digital-art-galaxy_23-2151050619-626x530.avif",626,530,true],"vilva-blog":["https:\/\/indigalactica.com\/wp-content\/uploads\/2024\/11\/digital-art-galaxy_23-2151050619-420x280.avif",420,280,true],"vilva-blog-one":["https:\/\/indigalactica.com\/wp-content\/uploads\/2024\/11\/digital-art-galaxy_23-2151050619-626x500.avif",626,500,true],"vilva-sidebar":["https:\/\/indigalactica.com\/wp-content\/uploads\/2024\/11\/digital-art-galaxy_23-2151050619-626x473.avif",626,473,true],"tenweb_optimizer_mobile":["https:\/\/indigalactica.com\/wp-content\/uploads\/2024\/11\/digital-art-galaxy_23-2151050619-600x600.avif",600,600,true],"tenweb_optimizer_tablet":["https:\/\/indigalactica.com\/wp-content\/uploads\/2024\/11\/digital-art-galaxy_23-2151050619.avif",626,626,false],"woocommerce_thumbnail":["https:\/\/indigalactica.com\/wp-content\/uploads\/2024\/11\/digital-art-galaxy_23-2151050619-300x300.avif",300,300,true],"woocommerce_single":["https:\/\/indigalactica.com\/wp-content\/uploads\/2024\/11\/digital-art-galaxy_23-2151050619-600x600.avif",600,600,true],"woocommerce_gallery_thumbnail":["https:\/\/indigalactica.com\/wp-content\/uploads\/2024\/11\/digital-art-galaxy_23-2151050619-100x100.avif",100,100,true]},"uagb_author_info":{"display_name":"indigalactica","author_link":"https:\/\/indigalactica.com\/?author=0"},"uagb_comment_info":0,"uagb_excerpt":"live m\u00e9ditation pour tous (description courte)","jetpack_sharing_enabled":true,"_links":{"self":[{"href":"https:\/\/indigalactica.com\/index.php?rest_route=\/wp\/v2\/product\/3289","targetHints":{"allow":["GET"]}}],"collection":[{"href":"https:\/\/indigalactica.com\/index.php?rest_route=\/wp\/v2\/product"}],"about":[{"href":"https:\/\/indigalactica.com\/index.php?rest_route=\/wp\/v2\/types\/product"}],"replies":[{"embeddable":true,"href":"https:\/\/indigalactica.com\/index.php?rest_route=%2Fwp%2Fv2%2Fcomments&post=3289"}],"wp:featuredmedia":[{"embeddable":true,"href":"https:\/\/indigalactica.com\/index.php?rest_route=\/wp\/v2\/media\/3288"}],"wp:attachment":[{"href":"https:\/\/indigalactica.com\/index.php?rest_route=%2Fwp%2Fv2%2Fmedia&parent=3289"}],"wp:term":[{"taxonomy":"product_brand","embeddable":true,"href":"https:\/\/indigalactica.com\/index.php?rest_route=%2Fwp%2Fv2%2Fproduct_brand&post=3289"},{"taxonomy":"product_cat","embeddable":true,"href":"https:\/\/indigalactica.com\/index.php?rest_route=%2Fwp%2Fv2%2Fproduct_cat&post=3289"},{"taxonomy":"product_tag","embeddable":true,"href":"https:\/\/indigalactica.com\/index.php?rest_route=%2Fwp%2Fv2%2Fproduct_tag&post=3289"}],"curies":[{"name":"wp","href":"https:\/\/api.w.org\/{rel}","templated":true}]}}